{"id":800,"date":"2024-03-21T02:53:03","date_gmt":"2024-03-21T05:53:03","guid":{"rendered":"https:\/\/donubaldo.com.ar\/?post_type=product&#038;p=800"},"modified":"2024-03-21T16:56:10","modified_gmt":"2024-03-21T19:56:10","slug":"pimienta-negra-en-grano","status":"publish","type":"product","link":"https:\/\/donubaldo.com.ar\/?product=pimienta-negra-en-grano","title":{"rendered":"Pimienta negra en grano"},"content":{"rendered":"<p>Proviene de Brasil y se utiliza com\u00fanmente en arroz, paellas y risottos. Tiene un aroma m\u00e1s suave que la pimienta blanca y la molienda se realiza en la f\u00e1brica.<\/p>\n<p><strong>Ingredientes:<\/strong> Pimienta Negra<\/p>\n<p>&nbsp;<\/p>\n<p>&nbsp;<\/p>\n<p>&nbsp;<\/p>\n<p>&nbsp;<\/p>\n","protected":false},"excerpt":{"rendered":"<p>Proviene de Brasil y se utiliza com\u00fanmente en arroz, paellas y risottos. Tiene un aroma m\u00e1s suave que la pimienta blanca y la molienda se realiza en la f\u00e1brica. Ingredientes: Pimienta Negra &nbsp; &nbsp; &nbsp; &nbsp;<\/p>\n","protected":false},"featured_media":1177,"template":"","meta":{"_monsterinsights_skip_tracking":false,"_monsterinsights_sitenote_active":false,"_monsterinsights_sitenote_note":"","_monsterinsights_sitenote_category":0,"_joinchat":[]},"product_brand":[],"product_cat":[33],"product_tag":[],"class_list":{"0":"post-800","1":"product","2":"type-product","3":"status-publish","4":"has-post-thumbnail","6":"product_cat-condimentos-y-especias","8":"first","9":"instock","10":"shipping-taxable","11":"purchasable","12":"product-type-variable"},"aioseo_notices":[],"_links":{"self":[{"href":"https:\/\/donubaldo.com.ar\/index.php?rest_route=\/wp\/v2\/product\/800","targetHints":{"allow":["GET"]}}],"collection":[{"href":"https:\/\/donubaldo.com.ar\/index.php?rest_route=\/wp\/v2\/product"}],"about":[{"href":"https:\/\/donubaldo.com.ar\/index.php?rest_route=\/wp\/v2\/types\/product"}],"version-history":[{"count":1,"href":"https:\/\/donubaldo.com.ar\/index.php?rest_route=\/wp\/v2\/product\/800\/revisions"}],"predecessor-version":[{"id":807,"href":"https:\/\/donubaldo.com.ar\/index.php?rest_route=\/wp\/v2\/product\/800\/revisions\/807"}],"wp:featuredmedia":[{"embeddable":true,"href":"https:\/\/donubaldo.com.ar\/index.php?rest_route=\/wp\/v2\/media\/1177"}],"wp:attachment":[{"href":"https:\/\/donubaldo.com.ar\/index.php?rest_route=%2Fwp%2Fv2%2Fmedia&parent=800"}],"wp:term":[{"taxonomy":"product_brand","embeddable":true,"href":"https:\/\/donubaldo.com.ar\/index.php?rest_route=%2Fwp%2Fv2%2Fproduct_brand&post=800"},{"taxonomy":"product_cat","embeddable":true,"href":"https:\/\/donubaldo.com.ar\/index.php?rest_route=%2Fwp%2Fv2%2Fproduct_cat&post=800"},{"taxonomy":"product_tag","embeddable":true,"href":"https:\/\/donubaldo.com.ar\/index.php?rest_route=%2Fwp%2Fv2%2Fproduct_tag&post=800"}],"curies":[{"name":"wp","href":"https:\/\/api.w.org\/{rel}","templated":true}]}}